t m be p(-2). Let f = h - m. Let n(u) = -3*u**3 - 2*u**2 + 1. What is n(f)?
2
Suppose -12*c + 16*c = -p + 9, 3*p - 3 = 0. Suppose -2*z + 4*z - 4 = 0. Let v(w) = -w**2 + z*w**2 - w - 3 + 3*w. Calculate v(c).
5
Let t be (-2)/14*-2 - (6/(-40) - 127534/(-52360)). Let b be 2/(-6) + 14/6. Let x(z) = -z**b - 3 + z**2 + z**2 - 4*z. Determine x(t).
9
Suppose 0 = -2*f - 0*f + 12. Let v(d) be the first derivative of -d**3/3 + 3*d**2/2 + 17*d - 6694. What is v(f)?
-1
Suppose 0*z - z + 12 = -3*k, -4*z + 5*k = -48. Suppose 0 = 3*g + z, -2*g + 49 + 39 = 4*u. Let v(p) = 4*p - 2*p - 27 + 60 - u. Calculate v(-6).
-3
Let g(z) = 75*z - 1047. Let v be g(14). Let y(u) = 5*u**2 - u**3 - 4 + 0*u - 4*u + 2 + 3*u. Calculate y(v).
13
Let k(v) be the first derivative of v**3/3 - 4*v**2 + 2*v - 10. Let j(n) = 71*n + 719. Let q be j(-10). Calculate k(q).
11
Let v(a) = 18*a. Let n(y) = 5*y + 2. Let k(t) = -4*n(t) + v(t). Suppose 3*j = 0, 6 = -3*w + 3*j - 8*j. Let f be w*((-11)/(-2) + -2). What is k(f)?
6
Let s(v) = 4*v**2 - 804*v + 39674. Let b be s(87). Let h(q) be the second derivative of q**4/2 - q**3/3 + 3*q**2/2 - q. Give h(b).
23
Let t = 3299 + -3306. Let c(b) = -2*b**2 + 3*b + 59. Calculate c(t).
-60
Suppose 0 = 18*l - 22*l + 104. Let h be (13/(l/4))/2. Let y(c) = 8*c**3 - 2*c**2 + 2*c - 1. What is y(h)?
7
Let p(n) = 2*n**3 - 13*n**2 + 14*n - 13. Let g be (-10)/(-3)*(-4 - 45/(-18)). Let s(q) = 3*q**3 - 20*q**2 + 21*q - 19. Let y(h) = g*s(h) + 7*p(h). What is y(8)?
12
Let x(r) = -r + 6. Let z = 170 - 257. Let g = -54 - z. Suppose 20 = -4*n, 3*n + g = u + u. Determine x(u).
-3
Let r(j) = -4*j**2 - 4*j - 4 + 0*j - j**3 + 5. Let n be (2340/(-2730))/(4/14). Determine r(n).
4
Let g be ((-90)/5 + 19)*-1*5. Let h(p) = -p**2 + 5*p + 4. What is h(g)?
-46
Let c(i) = i + 7. Let z(v) = v - 4. Let w be z(-6). Let x(f) = -f - 21. Let t be x(w). Determine c(t).
-4
Let b(y) = y**2. Let g(x) = 2*x**2 + x. Suppose 42*m - 239 = 55. Let f(k) = m*b(k) - 4*g(k). Give f(-5).
-5
Let s(p) = p + 10. Let l(y) = 2*y + 27. Let w(i) = -3*l(i) + 5*s(i). What is w(-10)?
-21
Let i(z) be the first derivative of z**3/3 - 10*z**2 - 3*z + 1383. Determine i(20).
-3
Let p(v) = -v**3 - 11*v**2 + 7*v + 18. Let i be 5/(-3) - 1519/147. Give p(i).
78
Let f(s) = -56 + 2*s + 26 + 9. What is f(-8)?
-37
Let f(x) = 3*x - 83*x**2 - 4 + 66*x**2 + 0 + 18*x**2. Calculate f(4).
24
Let p(o) = -7*o - 2. Suppose 2*f + 3*g - 4 = 0, -13*f + 5*g + 2 = -12*f. Let h(m) = -27*m + 56. Let k be h(f). What is p(k)?
-16
Let z(o) = 13 + 0*o + 79 + 2*o - 5*o + 5*o. Give z(-28).
36
Suppose -4*q + 87 = -37. Let m(z) = -18 + 0*z + 2*z - 6 + q*z**2 + 25. Give m(-1).
30
Let j(w) = 49*w - 3 - 9 - 96*w + 55*w + 2. What is j(21)?
158
Let a(j) = -25*j + 4. Let c(h) = 11*h - 2. Let k(p) = 4*a(p) + 9*c(p). Let x(g) = 2*g - 3. Let i be x(3). Calculate k(i).
-5
Let p(r) be the first derivative of -r**3/3 + r**2/2 + 2*r + 57. Let z = 471 - 476. Give p(z).
-28
Let d(j) = -j**3 + j**2 - 18. Suppose 2*u - 4*i + 2*i = 16, -4*u - 5*i = 40. Determine d(u).
-18
Let n(a) = -6*a - 8 + 30 + 7*a + 2*a + 3*a. What is n(-3)?
4
Let c(j) = -j - 1. Let x = 137 + -107. Suppose -5*f = -15*f + x. What is c(f)?
-4
Let x(q) = -q**3 + 4*q**2 + 2*q - 4. Suppose -p - 8 = -6. Let n = p - 5. Let o be 4/(-8) + (-4)/(8/n). Calculate x(o).
11
Suppose 2*d - 12 = -y - 0, 0 = -2*y + 8. Suppose -4*a = 5*m - 62, 3*m + d*a = 8*m - 38. Let i(o) = -o**2 + 10*o - 10. What is i(m)?
-10
Let i be (224/(-64))/(7/(-12)). Let z(y) = -y**3 + 6*y**2 + y - 1. Determine z(i).
5
Let h(b) = -6*b**2 - 139*b - 27. Let w be 3/(-22) + 138828/(-6072). What is h(w)?
-4
Let y(x) = 11*x**3 - 14*x**2 + 22*x - 23. Let d(m) = -13*m**3 + 15*m**2 - 23*m + 26. Let n(s) = -5*d(s) - 6*y(s). Calculate n(8).
-64
Let f(s) be the third derivative of -11*s**4/12 - 205*s**3/6 - 280*s**2 + 2. Calculate f(-9).
-7
Let o = 71 - 106. Let y = 38 + o. Suppose g - y*g - 6 = 2*i, 0 = -2*i - 2. Let n(t) = t**2 + 5*t + 2. Calculate n(g).
-4
Suppose -60*b = -203 - 337. Let w(q) = 5*q - 59. What is w(b)?
-14
Let m = 50 + -59. Let u be 2/m - (-10)/36*8. Let s(h) = -u*h - 17*h**2 - 2*h**2 + 4*h**2 + 1. Calculate s(1).
-16
Let s(n) = -11298*n + 5648*n + 5652*n. Let x = 6 + -4. What is s(x)?
4
Let g(i) = 74*i. Let c(q) = 119*q - 1. Let h(w) = 5*c(w) - 8*g(w). What is h(-28)?
-89
Let i(j) = 9*j. Let r(p) = -280*p - 7. Let g(c) = -63*i(c) - 2*r(c). Give g(7).
-35
Let s(w) be the second derivative of w**5/20 - w**4/4 - 3*w**3/2 - w**2 + 4*w. Let r be s(5). Suppose 22*p = 19*p + r. Let a(n) = 3*n - 1. What is a(p)?
2
Let g(o) = o**2 - 7*o + 8. Let j be g(3). Suppose 0 = 2*q - 13 + 1. Let z(c) = 4 + 0*c - c - 4*c - q. Calculate z(j).
18
Let y(n) = -17*n**2 - 33*n + 51. Let z(t) = 37*t**2 + 69*t - 102. Let m(l) = -13*y(l) - 6*z(l). Calculate m(9).
3
Let t(y) = -y**2 + 14*y - 47. Let p be 20 - (273/(-26) + 9)*-8. What is t(p)?
1
Let q(w) = -w + 4. Let r(a) = 4*a - 21. Let x(d) = -11*q(d) - 2*r(d). Let p = -80 + 66. Let z(u) = -u - 12. Let b be z(p). Calculate x(b).
4
Let q(o) = o**3 - 50*o + 832 - 7*o**2 - 830 + 59*o. Give q(5).
-3
Let y(h) = 2*h**3 - 4*h**2 + 5*h - 5. Suppose -5*n + 3*n + 4 = 0. Let d be y(n). Let f(x) = d*x + 4 - 1 + 8*x**2 - 7*x**2. Calculate f(-5).
3
Suppose -o + 6 + 0 = 0. Let v(p) be the first derivative of p**5/120 - 7*p**4/24 - 4*p**3/3 - 1. Let b(m) be the third derivative of v(m). Give b(o).
-1
Let j = 4210 + -4215. Let w(x) = -x**3 - 4*x**2 + 3*x - 3. What is w(j)?
7
Let c(t) = t**3 + 2*t**2 - 2*t - 2. Suppose 5*u = -30 - 90. Let w = u - -21. Determine c(w).
-5
Let i(n) = 2*n - 25. Let m(y) = -3*y**3 + 24*y**2 + 5*y - 15. Let o be m(10). Let x = 577 + o. Give i(x).
-1
Let q be -1*(-16)/(-10)*10/(-4). Let a(n) = 3 + q*n - 3*n - 19 - 7. Calculate a(9).
-14
Let g = 6 - 1. Let t(a) = -14*a**3 - 18*a**2 - 14*a + 906. Let z(j) = -5*j**3 - 7*j**2 - 5*j + 329. Let s(f) = 4*t(f) - 11*z(f). Give s(g).
0
Let w = -47 - -65. Let m be (-1 - 0)/(w/(-36)). Let q(o) = 194*o - m*o**2 + o**2 - 193*o. Calculate q(-3).
-12
Suppose -1365 = 11*z - 1398. Let v(y) = 65*y - 195. What is v(z)?
0
Let b(f) be the first derivative of 2 - 7*f - 1/3*f**3 - 4*f**2. Let j be 74/(-925) + 173*(-12)/300. Give b(j).
0
Let i(p) = -p - 4 + 10 - 3*p + 6*p + 34. What is i(-13)?
14
Let j(i) = -i**3 - 7*i**2 - 2*i + 3. Let a(c) = -12*c + 79. Suppose -h + 5 = -2*s, 0 = 3*h - 33*s + 37*s - 25. Let y be a(h). Calculate j(y).
-37
Let m(c) be the third derivative of -c**4/8 + 2*c**3/3 + c**2. Let f be m(4). Let a(h) be the second derivative of h**3/6 + 9*h**2/2 - 346*h. Calculate a(f).
1
Let c(n) be the second derivative of -n**5/20 + n**4/6 - n**3/2 - 2*n**2 + 516*n. Calculate c(-1).
2
Let p(l) = l**3 - 14*l**2 - 3*l + 22. Let u be ((-6)/9)/(((-289)/357)/17). Calculate p(u).
-20
Let r(l) be the first derivative of -l**4/4 + l**3 - l**2 + 4*l + 2. Let v = -7981 + 7984. Determine r(v).
-2
Let o(f) = -8*f + 34. Let z(n) = -4*n**2 - 103*n + 30. Let w be z(-26). What is o(w)?
2
Suppose -1 = -4*f - 13. Let s(n) = -8*n**2 + 10*n + 3. Let c(r) = -148*r - 11*r**2 + 60*r + 4 + 53*r + 49*r. Let p(y) = -5*c(y) + 7*s(y). What is p(f)?
-8
Let v(f) = -f**2 - 6*f - 3. Let j be v(-3). Let s(w) be the first derivative of 7/2*w**2 - 2*w - 1/3*w**3 - 59. What is s(j)?
4
Let m(d) be the third derivative of 23*d**2 - 1 + 0*d + 1/2*d**3 + 1/60*d**5 - 1/6*d**4. Determine m(4).
3
Let r(n) = 2*n**2 + 1719 - 12*n + 1718 - 3445. What is r(7)?
6
Let c(k) = -k - 2. Let s be c(-3). Let q(z) be the second derivative of 13*z + 0 - 7/12*z**4 + 0*z**2 - 1/6*z**3. Determine q(s).
-8
Let w(f) = -f**2 - 34*f + 4. Suppose -3097 = 131*q + 809 + 548. What is w(q)?
4
Let o(u) = u**3 - 6*u**2 + u - 2. Let y = 123 - 120. Suppose 0 = -4*i - r + 24, 3*i + y*r = -0 + 18. What is o(i)?
4
Suppose 0 = 31*s - 151 - 345. Let c(l) = -7*l - 20 - 12 - s + 48. What is c(-1)?
7
Let y(l) = -9*l + 50. Let z(t) = t**3 - 76*t**2 - 154*t - 151. Let b be z(78). Calculate y(b).
5
Let s(r) = 4*r + 12 - r**3 - 5*r - 8. Let y = 150 + -150. Let x be s(y). Let i(q) = -q**3 + 2*q**2 + 3*q + 4. Give i(x).
-16
Suppose -2*y = -4, -2*i = 2*i - 2*y - 8. Let m(s) be the first derivative of 2*s**3/3 - 3*s**2/2 + s - 22306. Determine m(i).
10
Let j(g) be the third derivative of -5*g**5/12 - g**4/12 - g**3/6 - 2*g**2. Suppose 0 = 47*i 